13*d**2 + q*d**3 + 10*d. What are the prime factors of t(-12)?
7
Suppose 31*i = 26*i + 1600. Suppose -319 = -3*g + 4*n, -2*g + i = g - 5*n. List the prime factors of g.
3, 5, 7
Let g(c) = -2*c**2 + c + 651. What are the prime factors of g(0)?
3, 7, 31
Let o = -26 - -29. Suppose 3*m + o = 0, -4*l + 3*m - 94 + 261 = 0. What are the prime factors of l?
41
Let i = -31 - -45. Let s = 15 + i. Suppose 0 = 2*v - 23 - s. List the prime factors of v.
2, 13
List the prime factors of (-326)/(-3) + -10*(-9)/270.
109
Suppose -2*w = 5*i + 658, 0 = 2*i + i - 4*w + 400. Let b = -104 - i. List the prime factors of b.
2, 7
Let u = -1179 - -2183. What are the prime factors of u?
2, 251
Let s(z) = 37*z**2 - 7. Let a be s(-3). Let m = 506 - a. List the prime factors of m.
2, 3, 5
Let o be 3*((-22)/(-15) - 12/(-60)). Let f(g) = 8*g + 1. What are the prime factors of f(o)?
41
Let z(n) = -6*n + 16. Let o be z(-12). Suppose -2*x = 4*d - 44, -5*x = -x + 3*d - o. List the prime factors of x.
2, 11
Let i(r) = r**3 + 39*r**2 + 55*r + 37. List the prime factors of i(-37).
2, 5, 37
Let n = 21 - 28. Let i = 33 + n. What are the prime factors of i?
2, 13
Let u(t) = 2*t**3 - 21*t**2 + 7*t + 15. Let s be u(10). Let m = s + 101. What are the prime factors of m?
2, 43
Let g(u) = u**3 + 8*u**2 + 4*u - 20. Let s be g(-6). Suppose 20 = 2*c - s. List the prime factors of c.
2, 3
Let k be 2*((-36)/(-8) - 2). Let l = 128 + 7. Suppose -k*c = 20 - l. What are the prime factors of c?
23
Let y(j) = -j**2 + 2*j**2 + 3 - 7 - 16*j + 13*j. Let l = 65 + -71. What are the prime factors of y(l)?
2, 5
Let j(t) = -t**3 + t**2 - t - 1. Let c be j(-1). Let g be 13/((-143)/44)*-1. Suppose n = -g*w + 31, 3*w + 0*n - 15 = c*n. What are the prime factors of w?
7
Let b(m) = -48*m + 972. List the prime factors of b(-24).
2, 3, 59
Suppose 0 = -2*o - 0*o - 6. Let m be -5*(o - (-3 - 1)). Let y(i) = -i**3 - 6*i**2 - 6*i + 1. List the prime factors of y(m).
2, 3
Let u be (106 + 8/4)*1. Suppose -3*q = 5*c - 2*c - u, -q = 3*c - 38. What are the prime factors of q?
5, 7
Let h be (-1 - 5) + 3 + -3. Let f(y) = y**3 + 8*y**2 - 10*y - 25. List the prime factors of f(h).
107
Let p = -931 + 2087. List the prime factors of p.
2, 17
Let h be ((-193 - 1) + 0)/(-2). Let d = h - 29. Suppose -4*s + d = 2*b, 0 = -2*b - 2*s - s + 70. What are the prime factors of b?
2, 19
Suppose 0 = -k + 3*k + 118. Let v = k + 105. What are the prime factors of v?
2, 23
Let a(w) = -2*w**3 + 21*w**2 - 12*w. Let n be a(9). Suppose 0 = -2*h + 5*l + n, -3*h = -h + 5*l - 105. What are the prime factors of h?
2, 3, 5
Suppose 0 = 14*g - 6103 - 15947. List the prime factors of g.
3, 5, 7
Let n be (3/3)/(2/90). Suppose 2*q + 2*u - 21 = -u, 2*q - 2*u = -4. Suppose -10 = 5*f - 3*f, k - n = q*f. List the prime factors of k.
2, 3, 5
Suppose 5*x = 6*x - 1054. List the prime factors of x.
2, 17, 31
Suppose 2382 = 6*u - 2490. List the prime factors of u.
2, 7, 29
Suppose -3*i - 3*j + 15 = 0, -4*j + 0*j + 20 = 0. Suppose 3*p - 385 = -4*l, i = 2*l + 3*l + 10. List the prime factors of p.
131
Suppose 0 = -3*l + 69 - 9. Let y be 12/(-10)*(-50)/l. Suppose -y*v = -4*v + 8. What are the prime factors of v?
2
Let l be -2 - 4*(-41 + -2). Let j = -89 + l. What are the prime factors of j?
3
Let z = -169 - -371. What are the prime factors of z?
2, 101
Let m(z) = 43*z + 7. Let l = 119 + -114. List the prime factors of m(l).
2, 3, 37
Let a(t) = -7*t**3 - 2*t**2 + 4*t - 3. Let h(b) = 14*b**3 + 4*b**2 - 7*b + 5. Let z(o) = -7*a(o) - 4*h(o). List the prime factors of z(-3).
2, 43
Suppose 2*g + 8 = 3*g + 3*w, 2*w = 3*g - 2. Suppose -v = -g*v. Suppose y - 9 = -3*r, -4*r + 76 = 4*y - v*r. List the prime factors of y.
2, 3
Suppose -19 = 5*m + 4*g, 3*g + 2*g - 4 = 3*m. What are the prime factors of (0 - m)/3 - -42?
43
Suppose 4*v + 6 - 10 = 0. Let c be (-1)/1*(v + -1). Let n = 11 - c. What are the prime factors of n?
11
Suppose 31*h - 6944 - 16554 = 0. List the prime factors of h.
2, 379
Let j(z) = z + 14. Let n(b) = b**2 + 7*b + 1. Let h be n(-5). Let t be j(h). Suppose 5 = -t*m, -3*c + 2*m + 85 = 4*m. List the prime factors of c.
29
Let r be 2 - (-1 + 0 + 0). Suppose 3*s - 33 = -r. List the prime factors of s.
2, 5
Let o(l) = -15*l + 19. Let p be o(5). What are the prime factors of p/1*(-7)/2?
2, 7
Suppose -7*m + 2075 = 500. What are the prime factors of m?
3, 5
Let k be (-1 - 2)*(-50)/30. Suppose 4*m - 20 = 0, k*t - 3*m + 30 = 2*t. Let v = 0 - t. What are the prime factors of v?
5
Let t = -37 - -94. Suppose -4*p = -5*x - 57, 6*p - 3*p - t = -x. What are the prime factors of (p/12)/((-6)/(-116))?
29
Suppose -2*m + 2*k = -38, -3*m + 0*m + 5*k = -47. Suppose -62 = -v + m. List the prime factors of v.
2, 43
Let o(n) = 3*n - 6. Suppose -2*g = -3*j + 5, j - 6*g + 2*g + 15 = 0. Let h(v) = v - 1. Let c(k) = j*h(k) - o(k). What are the prime factors of c(5)?
11
Let u be -2 + -1 + 0 + 39. Suppose c - 27 = u. List the prime factors of c.
3, 7
Suppose -2*s + 8*s = 0. Suppose -30 = 5*v - s*v. List the prime factors of 6/(-4) - 381/v.
2, 31
Suppose -v + 4 = -4*x, -v = -2*x - 1 - 3. Suppose -141 = -3*u - 0*z - 5*z, 0 = 4*u - 3*z - 188. Suppose 4*p - u - 45 = x. What are the prime factors of p?
23
What are the prime factors of 14891/10 - ((-552)/80 + 7)?
1489
Let t be (3/(-9))/((-6)/36). Suppose 0 = 4*o + 5*f - 76, 4*f = 16 - 0. Suppose -35 = -u + w + 4*w, 0 = u + t*w - o. What are the prime factors of u?
2, 5
Suppose 3*j + 2793 = a + 355, j = -3*a + 7294. What are the prime factors of a?
2, 19
Suppose -5*u + 3*n - 7*n + 4 = 0, 4*u = n - 1. Suppose 3*z - 6 = 0, -5*a = -u*a + 2*z - 1759. What are the prime factors of a?
3, 13
Let p be 146*(0 - (-1)/(-2)). Let v be (-572)/12 + 2/3. Let b = v - p. List the prime factors of b.
2, 13
What are the prime factors of (-27)/45 - (-76356)/35?
3, 727
Suppose 2*v = 5*f + 6*v - 2631, -f - 2*v + 531 = 0. List the prime factors of f.
523
Let v = 2013 + -830. List the prime factors of v.
7, 13
Let l = -13 + 14. Let j be (5 - 0/(-3))/l. Suppose 3*t + 7 - 66 = -5*g, j*t - 81 = -4*g. List the prime factors of t.
13
Suppose 4*f = -16, -11*f + 3826 = 2*k - 12*f. List the prime factors of k.
3, 7, 13
Suppose 5137 = 3*d - 4403. List the prime factors of d.
2, 3, 5, 53
Let t = 1053 - 993. List the prime factors of t.
2, 3, 5
Let m = 502 + 231. List the prime factors of m.
733
Let c = 9 + -10. Let t(h) = h**3. Let b(a) = 3*a**2 - a - 3. Let y(d) = c*t(d) - b(d). What are the prime factors of y(-5)?
2, 3
Let k(y) = 1792*y**3 + y**2 - 15*y + 14. List the prime factors of k(1).
2, 7
Suppose 589 = 4*m - 19*j + 18*j, -734 = -5*m - j. What are the prime factors of m?
3, 7
Suppose 28*m - 24*m = 2204. What are the prime factors of m?
19, 29
Let a = 88 + -160. Let q = 160 + a. What are the prime factors of q?
2, 11
Let j = 506 - -386. What are the prime factors of j?
2, 223
List the prime factors of ((-354)/4)/((-2)/(-4)*-1).
3, 59
Let s = 1099 + -631. List the prime factors of s.
2, 3, 13
Suppose -2*a = -2*h + a + 1040, 0 = 3*h - a - 1567. What are the prime factors of h?
523
Let u(i) = i**2 + 4*i - 12. Suppose -2*b - 3*r = 31, 0 = -2*b + 3*r - 1 - 0. Let h = -1 + b. What are the prime factors of u(h)?
3, 11
Suppose 0 = 69*s - 72*s + 1314. List the prime factors of s.
2, 3, 73
Let g(j) = -5*j**3 - 2*j**2 - j + 1. Let c be g(-1). Let b(q) = -q**2 + c + 7 - 13*q + 4. What are the prime factors of b(-8)?
2, 7
Let u(v) = 2*v**2 - 71*v + 146. What are the prime factors of u(46)?
2, 139
Suppose 32*i - 2914 = 30*i. What are the prime factors of i?
31, 47
Suppose 0 = 3*x - x - 248. Let h = -46 + x. Let g = h - 52. List the prime factors of g.
2, 13
Let x be (-10 - -2)/2 + 16. Suppose 13*w - 82 = x*w. What are the prime factors of w?
2, 41
Let z be (-118)/(-10) - 3/(-15). Suppose 0 = z*j - 14*j + 60. List the prime factors of j.
2, 3, 5
Suppose -2*w = 5*w. Suppose 3*m - 9 = -w. Suppose 5*l = -5*j + 150, -m*j - l - 4*l + 82 = 0. List the prime factors of j.
2, 17
Let i = -766 + 2580. List the prime factors of i.
2, 907
Suppose 471 = 10*x - 139. Suppose -x = 2*c - 281. What are the prime factors of c?
2, 5, 11
Let q(n) = -71*n**2 + 16*n + 17. Let b(o) = 24*o**2 - 6*o - 6. Let k(c) = -11*b(c) - 4*q(c). Suppose -4*m - 1 = -5. List the prime factors of k(m).
2, 5
Suppose -19*r = -4*r - 